is divided by 19.
17
What is the remainder when 2368103 is divided by 1006?
985
Calculate the remainder when 754455 is divided by 1595.
20
What is the remainder when 3100762 is divided by 1938?
1900
Calculate the remainder when 466956 is divided by 116637.
408
Calculate the remainder when 44020669 is divided by 67.
61
What is the remainder when 373203 is divided by 12765?
3018
Calculate the remainder when 1655935 is divided by 12367.
11124
What is the remainder when 1504555 is divided by 353?
69
Calculate the remainder when 8322 is divided by 948.
738
What is the remainder when 699780 is divided by 3742?
26
What is the remainder when 61582 is divided by 4122?
3874
Calculate the remainder when 736385 is divided by 2809.
427
Calculate the remainder when 63139 is divided by 13.
11
Calculate the remainder when 219760099 is divided by 3430.
3429
Calculate the remainder when 1553986 is divided by 14256.
82
Calculate the remainder when 39284272 is divided by 119.
111
Calculate the remainder when 197660 is divided by 386.
28
What is the remainder when 32096 is divided by 2896?
240
What is the remainder when 807393 is divided by 112?
97
Calculate the remainder when 679714 is divided by 1854.
1150
What is the remainder when 225939 is divided by 225919?
20
What is the remainder when 243259 is divided by 17339?
513
Calculate the remainder when 55494814 is divided by 12.
10
Calculate the remainder when 52794610 is divided by 6599326.
2
Calculate the remainder when 6794632 is divided by 242.
240
What is the remainder when 45580414 is divided by 45580392?
22
What is the remainder when 31204 is divided by 2421?
2152
Calculate the remainder when 901915 is divided by 300547.
274
What is the remainder when 215190 is divided by 7?
3
What is the remainder when 13569895 is divided by 712?
599
Calculate the remainder when 5718721 is divided by 1601.
1550
What is the remainder when 65928 is divided by 21903?
219
What is the remainder when 1877505 is divided by 12?
9
Calculate the remainder when 28069 is divided by 4694.
4599
What is the remainder when 2597402 is divided by 26?
2
Calculate the remainder when 2242817 is divided by 280347.
41
What is the remainder when 10022873 is divided by 231?
14
Calculate the remainder when 129345103 is divided by 19.
0
What is the remainder when 15233971 is divided by 3046787?
36
What is the remainder when 2307560 is divided by 13416?
8
Calculate the remainder when 3966227 is divided by 48.
35
Calculate the remainder when 104938212 is divided by 33.
27
What is the remainder when 1056970 is divided by 352296?
82
What is the remainder when 89628 is divided by 2186?
2
Calculate the remainder when 4242937 is divided by 1431.
22
What is the remainder when 204499 is divided by 2726?
49
Calculate the remainder when 4308559 is divided by 34.
11
What is the remainder when 1177359 is divided by 66?
51
What is the remainder when 33047005 is divided by 4514?
11
Calculate the remainder when 71367 is divided by 17840.
7
What is the remainder when 129383 is divided by 711?
692
Calculate the remainder when 1260332 is divided by 252050.
82
What is the remainder when 55253 is divided by 27520?
213
What is the remainder when 610745 is divided by 38108?
1017
Calculate the remainder when 11915804 is divided by 5382.
56
What is the remainder when 68088 is divided by 9703?
167
What is the remainder when 9330147 is divided by 412?
407
Calculate the remainder when 48592867 is divided by 48592825.
42
What is the remainder when 3380595454 is divided by 14?
12
What is the remainder when 5987254 is divided by 2626?
2600
What is the remainder when 31090640 is divided by 468?
464
What is the remainder when 6244329 is divided by 390?
39
What is the remainder when 7860569 is divided by 8842?
31
Calculate the remainder when 109920 is divided by 2969.
67
Calculate the remainder when 2889426 is divided by 174.
156
Calculate the remainder when 233273 is divided by 115788.
1697
Calculate the remainder when 3702828 is divided by 3096.
12
What is the remainder when 284271 is divided by 1989?
1833
Calculate the remainder when 62222 is divided by 2818.
226
What is the remainder when 547786 is divided by 3557?
8
Calculate the remainder when 667219 is divided by 86.
31
What is the remainder when 3388868601 is divided by 15147?
15144
What is the remainder when 196096 is divided by 229?
72
What is the remainder when 6547389 is divided by 29?
1
Calculate the remainder when 1376276 is divided by 673.
664
Calculate the remainder when 3179021297 is divided by 14.
11
What is the remainder when 816056800 is divided by 557?
556
Calculate the remainder when 41840838 is divided by 21849.
3
Calculate the remainder when 3593353554 is divided by 47.
44
What is the remainder when 4232583 is divided by 377?
4
Calculate the remainder when 15790 is divided by 7671.
448
What is the remainder when 31004792 is divided by 107655?
152
What is the remainder when 459116 is divided by 1843?
209
Calculate the remainder when 35364806 is divided by 879.
878
What is the remainder when 295646723 is divided by 19?
16
Calculate the remainder when 1292121 is divided by 735.
726
Calculate the remainder when 20534012 is divided by 33.
26
What is the remainder when 634607 is divided by 2633?
54
Calculate the remainder when 1581507 is divided by 4764.
4623
Calculate the remainder when 5967203 is divided by 3026.
2957
What is the remainder when 2298434 is divided by 465?
404
Calculate the remainder when 10557114 is divided by 879759.
6
What is the remainder when 140183 is divided by 2974?
405
Calculate the remainder when 848420 is divided by 211893.
848
What is the remainder when 400245 is divided by 43174?
11679
What is the remainder when 105799 is divided by 1222?
707
What is the remainder when 16164 is divided by 3243?
3192
Calculate the remainder when 5125707 is divided by 401.
125
Calculate the remainder when 3635397 is divided by 253.
40
Calculate the remainder when 76062588 is divided by 25354190.
18
What is the remainder when 25178 is divided by 2863?
2274
What is the remainder when 19912167 is divided by 34995?
12
What is the remainder when 136643 is divided by 187?
133
Calculate the remainder when 1943 is divided by 1046.
897
What is the remainder when 135273 is divided by 228?
69
What is the remainder when 14198493 is divided by 1788?
1773
What is the remainder when 169387 is divided by 63?
43
What is the remainder when 171442 is divided by 14262?
298
What is the remainder when 15078245 is divided by 8514?
8465
What is the remainder when 211113 is divided by 164?
45
What is the remainder when 22225511 is divided by 134700?
11
Calculate the remainder when 68876 is divided by 434.
304
Calculate the remainder when 117478 is divided by 1382.
8
Calculate the remainder when 63014 is divided by 1908.
50
Calculate the remainder when 922887 is divided by 307571.
174
Calculate the remainder when 57988 is divided by 217.
49
What is the remainder when 19726390 is divided by 34?
32
Calculate the remainder when 4277719 is divided by 224.
215
Calculate the remainder when 611296 is divided by 174.
34
What is the remainder when 639011 is divided by 33?
32
Calculate the remainder when 6506440 is divided by 12.
4
What is the remainder when 124276 is divided by 122719?
1557
What is the remainder when 626024 is divided by 625939?
85
Calculate the remainder when 31228 is divided by 637.
15
Calculate the remainder when 50705596 is divided by 12676398.
4
Calculate the remainder when 113869 is divided by 4554.
19
Calculate the remainder when 4049435 is divided by 2293.
2290
What is the remainder when 323649 is divided by 161771?
107
What is the remainder when 84689143 is divided by 31?
26
What is the remainder when 910867 is divided by 4400?
67
Calculate the remainder when 47154274 is divided by 196.
6
Calculate the remainder when 3712 is divided by 362.
92
What is the remainder when 107945 is divided by 2920?
2825
Calculate the remainder when 1252299 is divided by 70.
69
Calculate the remainder when 409330 is divided by 61.
20
What is the remainder when 574986 is divided by 8102?
7846
What is the remainder when 1361933 is divided by 1361922?
11
Calculate the remainder when 349119 is divided by 87242.
151
What is the rema